on divisor of 7980 and 1463.
133
Calculate the highest common factor of 91872 and 12.
12
What is the greatest common factor of 16 and 8?
8
Calculate the highest common factor of 671 and 61.
61
Calculate the highest common divisor of 70 and 1855.
35
What is the highest common divisor of 5253 and 187?
17
Calculate the greatest common divisor of 234 and 3198.
78
Calculate the greatest common divisor of 403 and 2573.
31
Calculate the greatest common divisor of 255 and 204.
51
What is the highest common divisor of 689 and 169?
13
What is the greatest common divisor of 880 and 22?
22
What is the greatest common factor of 172087 and 37?
37
What is the highest common factor of 60 and 105?
15
Calculate the highest common divisor of 142 and 4402.
142
Calculate the highest common divisor of 1288 and 56.
56
Calculate the highest common divisor of 11 and 143.
11
Calculate the highest common factor of 51 and 1819.
17
What is the highest common factor of 36 and 18?
18
What is the highest common factor of 171 and 703?
19
What is the highest common divisor of 6 and 174?
6
What is the greatest common factor of 201 and 36?
3
What is the greatest common divisor of 1536 and 2784?
96
Calculate the highest common factor of 55 and 43780.
55
What is the highest common divisor of 1161 and 243?
27
Calculate the highest common factor of 18 and 126.
18
What is the greatest common divisor of 145 and 1247?
29
What is the greatest common divisor of 605 and 165?
55
Calculate the greatest common divisor of 135 and 90.
45
Calculate the highest common factor of 46 and 874.
46
Calculate the highest common factor of 42 and 266.
14
What is the highest common factor of 4 and 272?
4
Calculate the highest common divisor of 45 and 735.
15
What is the highest common factor of 8 and 308?
4
Calculate the greatest common divisor of 76 and 4.
4
Calculate the highest common divisor of 192 and 3720.
24
What is the highest common divisor of 12 and 300?
12
Calculate the greatest common divisor of 320 and 1216.
64
What is the highest common divisor of 32 and 88?
8
What is the highest common factor of 78 and 104?
26
Calculate the greatest common divisor of 2784 and 174.
174
Calculate the highest common factor of 300 and 30.
30
Calculate the greatest common factor of 12 and 942.
6
What is the highest common factor of 240 and 1488?
48
What is the greatest common divisor of 22 and 143?
11
What is the highest common divisor of 377 and 26?
13
What is the highest common divisor of 414 and 72?
18
Calculate the highest common divisor of 1696 and 2862.
106
What is the greatest common factor of 570 and 390?
30
Calculate the highest common divisor of 144 and 1422.
18
Calculate the greatest common factor of 504 and 56.
56
Calculate the highest common factor of 1572 and 12.
12
Calculate the greatest common divisor of 56 and 476.
28
What is the highest common divisor of 27 and 945?
27
Calculate the greatest common factor of 2725 and 125.
25
Calculate the greatest common factor of 888 and 24.
24
What is the highest common divisor of 1328 and 32?
16
Calculate the highest common factor of 72 and 41292.
36
Calculate the highest common divisor of 96 and 33.
3
Calculate the greatest common divisor of 154 and 182.
14
What is the greatest common factor of 177 and 118?
59
Calculate the greatest common divisor of 17068 and 68.
68
Calculate the highest common divisor of 108 and 1782.
54
What is the greatest common factor of 92 and 46?
46
Calculate the highest common factor of 16 and 6248.
8
What is the highest common divisor of 52 and 8?
4
What is the highest common divisor of 665 and 4480?
35
What is the highest common divisor of 32 and 1824?
32
Calculate the greatest common factor of 40 and 410.
10
Calculate the highest common factor of 465 and 5.
5
Calculate the greatest common divisor of 306 and 558.
18
Calculate the greatest common factor of 39 and 26.
13
What is the highest common divisor of 255 and 30?
15
Calculate the greatest common divisor of 754 and 78.
26
Calculate the highest common divisor of 36 and 189.
9
What is the greatest common divisor of 105 and 1365?
105
What is the greatest common divisor of 5934 and 430?
86
Calculate the highest common factor of 3755 and 5.
5
What is the greatest common factor of 56 and 28?
28
What is the greatest common divisor of 10 and 2?
2
Calculate the highest common factor of 8 and 152.
8
Calculate the highest common divisor of 234 and 18.
18
Calculate the greatest common divisor of 1008 and 784.
112
Calculate the highest common factor of 26 and 793.
13
Calculate the highest common divisor of 247 and 169.
13
What is the highest common factor of 42 and 15?
3
Calculate the greatest common divisor of 568 and 3834.
142
What is the greatest common divisor of 111 and 8103?
111
What is the greatest common factor of 553 and 1501?
79
What is the greatest common divisor of 60 and 200?
20
What is the highest common factor of 783 and 2784?
87
Calculate the highest common divisor of 4439 and 193.
193
Calculate the highest common divisor of 216 and 3996.
108
Calculate the highest common factor of 2709 and 42.
21
Calculate the greatest common factor of 72 and 2088.
72
What is the greatest common divisor of 345 and 598?
23
Calculate the greatest common divisor of 20 and 35.
5
What is the greatest common factor of 38 and 1102?
38
What is the highest common factor of 121 and 22?
11
What is the greatest common factor of 34 and 34?
34
What is the highest common divisor of 1036 and 28?
28
Calculate the greatest common factor of 2140 and 20.
20
Calculate the highest common divisor of 915 and 75.
15
Calculate the highest common factor of 333 and 12099.
111
What is the highest common divisor of 892 and 20?
4
What is the highest common factor of 24 and 15?
3
What is the highest common divisor of 60 and 264?
12
Calculate the highest common divisor of 904 and 33674.
226
Calculate the highest common divisor of 6077 and 206.
103
What is the highest common factor of 50 and 80?
10
What is the highest common divisor of 516 and 24?
12
What is the highest common divisor of 52 and 1300?
52
What is the greatest common factor of 22 and 1980?
22
What is the highest common divisor of 57 and 12?
3
Calculate the highest common factor of 54 and 30.
6
What is the highest common divisor of 18 and 1746?
18
Calculate the highest common divisor of 561 and 102.
51
What is the greatest common divisor of 28 and 24262?
14
Calculate the greatest common factor of 682 and 2.
2
What is the greatest common factor of 1242 and 27?
27
What is the highest common divisor of 219 and 2?
1
What is the greatest common divisor of 3792 and 144?
48
What is the highest common divisor of 602 and 559?
43
What is the greatest common divisor of 48 and 21192?
24
What is the greatest common divisor of 126 and 6336?
18
Calculate the greatest common divisor of 364 and 56.
28
What is the highest common divisor of 339 and 3503?
113
What is the greatest common divisor of 279 and 288?
9
Calculate the greatest common divisor of 322 and 21.
7
Calculate the greatest common divisor of 385 and 462.
77
Calculate the greatest common divisor of 17 and 1.
1
What is the highest common factor of 34 and 5134?
34
Calculate the greatest common factor of 8718 and 2.
2
What is the highest common divisor of 6797 and 7?
7
Calculate the highest common factor of 32 and 8.
8
What is the greatest common divisor of 52 and 52?
52
Calculate the greatest common factor of 18 and 1098.
18
What is the greatest common factor of 923 and 247?
13
Calculate the greatest common factor of 165 and 275.
55
What is the highest common divisor of 80 and 360?
40
What is the greatest common divisor of 154 and 112?
14
Calculate the highest common divisor of 2075 and 50.
25
What is the highest common factor of 125 and 8500?
125
What is the highest common divisor of 222 and 12?
6
Calculate the greatest common factor of 154 and 44.
22
What is the highest common divisor of 27 and 2727?
27
What is the greatest common factor of 22 and 5610?
22
Calculate the greatest common divisor of 28 and 518.
14
Calculate the highest common factor of 450 and 702.
18
What is the greatest common divisor of 425 and 500?
25
Calculate the highest common divisor of 356 and 10.
2
What is the greatest common factor of 6